et n(i) = 12*i + 62. Calculate n(-11).
-70
Let m(h) = 2*h**2 + 9*h - 14. Calculate m(-6).
4
Let z(r) = r**3 + 8*r**2 + 15*r + 2. Calculate z(-6).
-16
Let z(a) = -23*a - 17. Calculate z(-2).
29
Let h(j) = -j**3 - 4*j**2 + 3*j - 7. Determine h(-5).
3
Let q(o) = 3*o + 16. Give q(-12).
-20
Let v(y) = 15*y + 15. Give v(2).
45
Let s(h) = -10*h - 6. What is s(-5)?
44
Let t(k) = k**3 + 8*k**2 + 8*k - 16. Calculate t(-7).
-23
Let q(m) = m**3 + m**2 - 21. Calculate q(0).
-21
Let r(w) = -w**3 + w**2 - 2*w - 5. Determine r(0).
-5
Let t(g) = -g**3 + 13*g**2 + 2*g + 6. What is t(13)?
32
Let d(a) = 2*a**2 - 16*a - 48. Give d(10).
-8
Let o(x) = -2*x**2 + 19*x - 34. Give o(7).
1
Let p(m) = -3*m + 43. Determine p(14).
1
Let i(b) = -b**3 - 18*b**2 - b - 14. Give i(-18).
4
Let m(s) = 2*s**2 + 4*s - 4. Determine m(-4).
12
Let c(a) = a + 17. What is c(-8)?
9
Let x(m) = -m**2 + 3*m. Give x(4).
-4
Let l(p) = -2*p + 3. Give l(3).
-3
Let n(c) = -c**2 + 3*c + 6. What is n(0)?
6
Let x(v) = 351*v - 2111. Give x(6).
-5
Let j(w) = -7*w**3 + 8*w + 7. Give j(-1).
6
Let o(n) = 4*n + 41. Give o(-13).
-11
Let w(l) = l**2 + 12*l + 10. Give w(-12).
10
Let h(k) = -k**3 + 8*k**2 + 23*k - 32. Calculate h(10).
-2
Let m(f) = -2*f**2 + 3*f + 1. Calculate m(-4).
-43
Let t(u) = u - 6. Determine t(-5).
-11
Let u(b) = 7*b**2 + 10*b + 31. Give u(-5).
156
Let s(p) = 9*p**3 - 2*p**2 + 1. What is s(1)?
8
Let n(z) = z**2 + 2*z. Determine n(2).
8
Let u(t) = -7*t**2 + 6*t + 7. Calculate u(-2).
-33
Let v(g) = -11*g - 6. What is v(0)?
-6
Let d(s) = -3*s**2 + 12*s + 13. Calculate d(6).
-23
Let l(o) = 21*o. Determine l(1).
21
Let u(r) = r - 9. Determine u(6).
-3
Let g(u) = -3*u - 4. Calculate g(-8).
20
Let u(s) = -4*s**3 + s - 2. Determine u(1).
-5
Let j(n) = -10*n**2 - 11*n + 3. Determine j(3).
-120
Let p(l) = l**2 + 8*l + 2. What is p(-4)?
-14
Let g(j) = -j**3 - 9*j**2 + 4*j + 4. Give g(-10).
64
Let t(z) = z**2 - 11*z + 11. What is t(11)?
11
Let x(d) = -d**2 + 3*d + 7. Determine x(5).
-3
Let u(c) = -c**3 - 13*c**2 - 27*c - 9. Determine u(-9).
-90
Let f(v) = -3*v + 82. Give f(20).
22
Let x(n) = 7*n - 62. Determine x(11).
15
Let t(k) = k**3 + 2*k**2 - 3*k - 3. Calculate t(3).
33
Let o(x) = 2*x - 10. What is o(-10)?
-30
Let v(g) = -g**3 - 14*g**2 - 8*g - 43. Calculate v(-13).
-108
Let j(w) = w - 3. Determine j(4).
1
Let j(b) = 13*b - 45. Determine j(3).
-6
Let k(p) = p**3 + 31*p**2 - 32*p - 13. Determine k(-32).
-13
Let r(a) = -a**3 - 8*a**2 - 4. Determine r(-4).
-68
Let l(j) = 3*j + 31. Determine l(-13).
-8
Let d(c) = -c**2 - 8*c - 7. What is d(-7)?
0
Let v(h) = -6*h - 329. Calculate v(-54).
-5
Let i(m) = m**2 + 16*m + 23. What is i(-16)?
23
Let b(g) = -g**3 - 10*g**2 - 12*g - 19. Give b(-9).
8
Let z(a) = a**3 - 3*a**2 + a + 5. Give z(4).
25
Let m(x) = 2*x**3 + 8*x**2 - 9*x - 12. Determine m(-3).
33
Let h(g) = -2*g + 2. Determine h(-2).
6
Let f(r) = -r - 14. Give f(-6).
-8
Let c(j) = -2*j + 3. Calculate c(18).
-33
Let l(u) = u**2 - 8*u + 24. Give l(5).
9
Let k(j) = j**3 + 12*j**2 - 53*j - 45. Calculate k(4).
-1
Let m(i) = -6*i + 46. Give m(7).
4
Let u(q) = q**2 + 16*q + 5. Calculate u(-16).
5
Let m(s) = s**2 - 13*s - 19. Determine m(15).
11
Let g(n) = 4*n + 18. What is g(10)?
58
Let c(d) = -35*d**3 + 2*d**2 + 2*d + 1. Calculate c(-1).
36
Let z(q) = -q**3 - q**2 + 2*q + 1. Determine z(-1).
-1
Let w(c) = -2*c**3 + 3*c**2 + c - 6. Determine w(2).
-8
Let s(j) = j**3 - 3*j**2 + 2*j - 6. What is s(2)?
-6
Let r(z) = 10*z - 426. Give r(43).
4
Let k(i) = i**3 - 24*i**2 - 15*i - 247. Calculate k(25).
3
Let r(o) = -3*o + 20. Give r(-9).
47
Let k(g) = g**3 + 9*g**2 + 11*g + 6. What is k(-7)?
27
Let g(d) = 126*d + 380. Determine g(-3).
2
Let j(l) = l**3 + 7*l**2 - 20*l + 1. Determine j(-9).
19
Let c(g) = 4*g**3 - 4*g**2 - 2*g + 3. What is c(3)?
69
Let v(a) = -a**3 + a**2 - 5*a + 4. What is v(3)?
-29
Let f(g) = 9*g**2 - 3*g - 3. Give f(-2).
39
Let w(b) = -2*b**2 + 9*b - 15. What is w(3)?
-6
Let b(n) = -6*n - 1. Determine b(11).
-67
Let y(x) = -x**3 - 4*x**2 + 10*x + 15. Determine y(-5).
-10
Let k(m) = 2*m**3 - m**2 + m + 2. Determine k(3).
50
Let q(a) = -a**3 - 12*a**2 + 9*a - 22. Calculate q(-12).
-130
Let k(r) = 17*r + 65. Calculate k(-3).
14
Let z(l) = 5*l**2 - 14*l + 5. Give z(3).
8
Let f(n) = -n**2 - 70*n - 549. Give f(-61).
0
Let l(z) = 30*z - 921. Calculate l(31).
9
Let o(r) = -5*r - 2. Give o(3).
-17
Let n(q) = 3*q**3 - 4*q**2 + 2*q - 4. Give n(3).
47
Let k(q) = -q**3 + 2*q**2 - 3*q + 1. What is k(1)?
-1
Let q(x) = x**3 - 5*x**2 - 3*x + 11. What is q(5)?
-4
Let p(q) = q**3 + 13*q**2 + 35*q + 3. Calculate p(-9).
12
Let o(y) = -y**2 - 19*y - 30. What is o(-17)?
4
Let v(o) = 3*o + 55. Determine v(-16).
7
Let t(d) = d**3 + 36*d**2 + 66*d - 64. Give t(-34).
4
Let w(j) = -j**2 - 6*j + 424. Calculate w(-24).
-8
Let x(g) = -g + 6. Determine x(10).
-4
Let p(o) = o**2 - 23. Determine p(5).
2
Let z(t) = t**2 - 3. What is z(-2)?
1
Let p(b) = -b**3 + 4*b**2 + 9*b + 5. What is p(7)?
-79
Let m(p) = 8*p**3 + 4*p**2 + 2*p - 2. Calculate m(-2).
-54
Let n(z) = z**3 + 15*z**2 - 2*z - 34. Calculate n(-15).
-4
Let p(d) = -d**3 + 7*d**2 + 8*d - 11. What is p(8)?
-11
Let q(z) = -3*z + 48. Calculate q(11).
15
Let l(t) = -t**3 + 2*t**2 - t. Determine l(1).
0
Let l(g) = 6*g - 1. Give l(2).
11
Let i(q) = 7*q - 26. What is i(-5)?
-61
Let j(p) = -p**3 + 16*p**2 - 17*p + 22. Give j(15).
-8
Let k(s) = -9*s - 5. Determine k(-3).
22
Let l(d) = d**3 - d**2 - 9*d - 1. Determine l(-3).
-10
Let a(j) = -j - 3. What is a(-22)?
19
Let q(a) = -7*a + 66. Give q(8).
10
Let r(d) = -d**3 + 12*d**2 + 15*d - 19. Determine r(13).
7
Let y(n) = n**3 - 21*n**2 + 18*n - 16. Calculate y(20).
-56
Let o(r) = -10*r + 7. Give o(6).
-53
Let z(y) = y**3 + 25*y**2 - 25*y + 32. Calculate z(-26).
6
Let b(x) = -7*x - 27. What is b(-13)?
64
Let n(d) = 54*d + 2. Determine n(-3).
-160
Let d(l) = -l**3 + 12*l**2 - 9*l - 32. What is d(11)?
-10
Let s(t) = t**3 - 7*t**2 - 5*t - 3. Determine s(7).
-38
Let b(z) = z**3 - 5*z**2 - 5*z - 19. Calculate b(6).
-13
Let k(f) = f**3 + 13*f**2 - 7. Calculate k(-13).
-7
Let j(y) = y**3 - 7*y**2 + 9*y - 4. Calculate j(6).
14
Let y(z) = -z**2 + 10*z + 7. What is y(15)?
-68
Let w(o) = -8*o + 32. Determine w(10).
-48
Let d(f) = 20*f + 60. What is d(-3)?
0
Let a(h) = -2*h**2 - 18*h + 143. Calculate a(5).
3
Let i(y) = -2*y**2 + 16*y + 1. Give i(7).
15
Let r(j) = -j**2 + 6*j - 2. Give r(7).
-9
Let y(z) = -z**2 + 9*z - 1. Calculate y(10).
-11
Let n(u) = -3*u**2 + 2*u - 2. Calculate n(2).
-10
Let d(b) = 3*b**3 - 5*b**2 + 2*b + 2. What is d(1)?
2
Let g(x) = x**2 + 14*x - 14. What is g(-13)?
-27
Let z(l) = -3*l + 46. Give z(13).
7
Let r(y) = y**2 - 11*y - 48. Calculate r(14).
-6
Let o(z) = -z**3 - 44*z**2 - 47*z - 189. What is o(-43)?
-17
Let g(i) = -12*i - 2. Determine g(-4).
46
Let w(o) = -33*o - 15. Determine w(3).
-114
Let r(q) = q**2 + 11*q + 5. Give r(-7).
-23
Let d(g) = -2*g - 10. What is d(7)?
-24
Let t(s) = -s**2 - 22*s - 68. Calculate t(-4).
4
Let p(v) = -7*v - 51. What is p(-7)?
-2
Let o(l) = -3*l + 11. Determine o(7).
-10
Let v(j) = j**3 + j**2 - 32*j + 6. What is v(5)?
-4
Let b(a) = a - 6. Calculate b(-2).
-8
Let y(x) = 2*x**3 - 2*x**2 - 5*x + 2. Calculate y(3).
23
Let r(a) = -a**2 + 13*a - 5. What is r(5)?
35
Let v(h) = -h - 9. What is v(-4)?
-5
Let a(v) = -2*v + 24. What is a(24)?
-24
Let d(r) = -r**2 - 3*r - 8. Give d(-7).
-36
Let f(v) = 21*v - 53. Give f(0).
-53
Let d(h) = -h**2 - 12*h + 57. Calculate d(-20).
-103
Let g(u) = -5*u - 53. Determine g(-13).
12
Let u(f) = 8*f + 10. Determine u(4).
42
Let p(d) = -d**3 + 7*d**2 + 11*d + 54. Determine p(9).
-9
Let p(h) = h**3 - 3*h**2 - 3*h - 5. What is p(4)?
-1
Let a(r) = r**2 + r + 4. Give a(6).
46
Let n(k) = k**3 + 14*k**2 + 18*k + 6. What is n(-13)?
-59
Let b(x) = 3*x - 22. Give b(5).
-7
Let w(n) = -6*n**2 + 113*n - 2. Calculate w(19).
-21
Let z(j) = 10*j + 144. Calculate z(-17).
-26
Let v(r) = -12*r - 1089. What is v(-91)?
3
Let l(f) = 25*f + 1. What is l(1)?
26
Let x(j) = -j - 9. Give x(2).
-11
Let v(a) = a**2 + 3*a - 21. Calculate v(3).
-3
Let b(w) = w + 3. What is b(5)?
8
Let a(g) = 3*g + 63. Calculate a(-19).
6
Let n(p) = -p**3 - 7*p**2 - 7*p - 5. What is n(-6)?
1
Let x(w) = w**2 - 12*w - 18. Give x(13).
-5
Let o(a) = a**3 + 6*a**2 + 5*a + 23. Calculate o(-6).
-7
Let s(g) = -g*